) = o**3 + 7*o**2 - o - 4. Let i be l(-7). Is s(i) a prime number?
True
Suppose 0 = -r + k + 7, 2*r - 5*k - 11 = 9. Is (-719*6/(-12))/(r/170) prime?
False
Let x = -480555 - -1095712. Is x a composite number?
True
Let p be (-23)/6 + (-17)/102. Let t be (554/p)/(3/(-6)). Is (t*7)/((-3)/(-8 - -5)) a composite number?
True
Suppose i = 1, 0 = 6*t - 12*i + 10*i - 405292. Is t composite?
True
Let o be (-2203 - (2 - 1)) + 9/9. Let q = 3194 + o. Is q a composite number?
False
Is (-4 + 7 + -37850)*-5 a prime number?
False
Let k be 0 + (25/(-15) + 2)*-3. Is k + -1 - (-32129)/19 prime?
False
Let n(s) = 360*s + 3. Let r be n(18). Suppose 3*b = 3*k - 0*b - r, 8644 = 4*k - 2*b. Is k composite?
False
Let j = 77 + -66. Suppose 4*y + 3*s + 1 - 25 = 0, 3*y - 5*s + j = 0. Suppose c = -y*q + 139, -4*c - c = -4*q - 619. Is c prime?
True
Let q(d) = 5 - 402*d - 257 - d. Is q(-17) prime?
True
Let g be (2/(-6))/((-1)/39). Let a(y) = 2*y - 23. Let x be a(g). Suppose 232 + 12 = 4*m + x*c, -2*c + 124 = 2*m. Is m a prime number?
False
Let q = -818 + 812. Let f(m) = 1815*m**2 - 2*m - 29. Is f(q) a composite number?
False
Suppose 2*y - 1071 = -i, -1603 = -3*y - i + 6. Let m be (y/(-8))/((-3)/84). Let a = -1342 + m. Is a a prime number?
True
Suppose 7*s - 2*s = 4*w - 1394211, 4*s + 348539 = w. Is w a composite number?
False
Let o be (0 - -2)*((-6580)/(-8) - 3). Suppose -8*h + 817 = -o. Is h composite?
False
Let j(t) = -322*t - 73. Suppose 150 = -8*u - 22*u. Is j(u) a composite number?
True
Let w = -965482 - -1718423. Is w a composite number?
True
Let d = -71887 + 127968. Is d a composite number?
False
Let d(c) = 2*c**2 - 6*c - 5. Let l be d(-3). Let y = l + -26. Suppose -y*o = -2*q - 8193, 4916 = 3*o - 4*q + 3*q. Is o composite?
True
Let f(q) = 43*q - 23. Let h(t) = -2*t**3 + 5*t**2 + t + 2. Let c be h(2). Is f(c) prime?
False
Suppose -15 = 4*o + 5*d, -7*d = -3*d - 20. Let a(r) = 127*r**2 - 13*r - 51. Is a(o) a composite number?
True
Suppose 47904 = 2*f - 617 + 6099. Is f prime?
True
Let h(q) = -5025*q**3 + 6*q**2 + 81*q + 401. Is h(-5) composite?
True
Let u be 12593 + (0 - -5) - -5. Suppose -8402 = -2*d - z, 3*d = -4*z + z + u. Is d a composite number?
False
Suppose 65*x - 64*x - 3*s = 39004, 4*s + 156056 = 4*x. Is x a prime number?
True
Is (-107542300)/(-240) + (-2)/(-24) a composite number?
False
Suppose 15*z - 32890 - 37014 - 32141 = 0. Is z a prime number?
True
Suppose y - 5*c - 12819 = 0, -124*c + 25694 = 2*y - 120*c. Is y a prime number?
False
Is -2*131*((-13459)/86 + 6/2) a prime number?
False
Let m be (8/10)/((-2)/55). Let a = m - -26. Suppose -a*u = -631 - 189. Is u a composite number?
True
Suppose -2*n - 4*k = -n - 7, -3*k + 9 = 2*n. Suppose -q - i = n*q - 4, -24 = -4*q + 4*i. Suppose 3*h - 836 = -v, q*v + 3294 = 6*v + 2*h. Is v prime?
True
Suppose -r - 4*r + 3*k = -13, -27 = -3*r - 3*k. Let b(v) = -54*v**2 + 9*v - 12. Let m be b(r). Let y = 2188 + m. Is y a prime number?
False
Let l(t) = 4246*t**2 + 99*t + 363. Is l(-4) a prime number?
False
Let n(w) = -11 - 268*w + 16 + 8 + 14. Is n(-5) prime?
True
Suppose 2*g = 3*r + 507947, 182*g = 186*g + 5*r - 1015861. Is g a prime number?
True
Let y = 10 - 28. Let h(p) = -7*p - 31. Let r(d) = -24*d - 94. Let s(z) = -11*h(z) + 4*r(z). Is s(y) a composite number?
False
Is 769353/9*18/4*10/15 prime?
False
Let d(s) be the first derivative of -15*s**2/2 + 137*s + 49. Is d(-24) a composite number?
True
Is 77 - -793589 - (-22)/(3 - 1) prime?
False
Let t(c) = -1843*c - 137. Let p be t(-11). Let h = p - -46343. Is h a prime number?
False
Let b = 701 - 692. Is (-68245)/(-225)*5*b a composite number?
False
Let q(x) = x**2 - 35*x - 1015. Is q(-55) prime?
False
Let q = 12699 - 690. Is q a prime number?
False
Let w(o) = 87*o**2 + 78*o + 19. Is w(-8) a composite number?
True
Let w(v) be the second derivative of -279*v**3/2 + 75*v**2/2 + 2*v. Let c(i) = 209*i - 19. Let s(g) = 9*c(g) + 2*w(g). Is s(4) a composite number?
True
Suppose 3*l - 2*l = 2*r - 98694, 3*r = l + 148045. Is r composite?
True
Let c(m) = 4*m**2 - 499*m - 4873. Is c(-10) a prime number?
False
Let q(j) be the first derivative of -1262*j**2 + 67*j + 139. Is q(-3) composite?
False
Suppose -799148 - 368380 = -24*f. Is f composite?
False
Suppose 2*x + 5*q - 4*q - 212217 = 0, 0 = -2*x - 2*q + 212216. Is x a composite number?
False
Let u(t) = -22*t - 1327. Let m be u(-60). Let q(s) = s**3 - 5*s**2 - 3*s + 9. Let n(i) = -i**2 + i. Let c(h) = 4*n(h) - q(h). Is c(m) prime?
False
Is (-3 - -6)/((-105)/(-40771465)) a composite number?
False
Suppose 5*f = 229062 + 155765 - 17242. Is f composite?
False
Let g be (-48 + 12)*(-6)/27. Let n(l) = 2*l**3 + 12*l**2 + 12*l - 5. Let j(x) = 3*x**3 + 23*x**2 + 23*x - 10. Let i(s) = 3*j(s) - 5*n(s). Is i(g) prime?
True
Suppose -2*g + 19*r - 24*r + 9089 = 0, -5*g = 2*r - 22691. Is g prime?
False
Let t = 81431 - 592. Is t composite?
True
Let o = 682 - 1534. Let j = 1978 + o. Is j prime?
False
Let o = 1817 - -1773. Suppose 11*a = 16*a - o. Is a a prime number?
False
Let o(k) = 6*k**3 + 91*k**2 + 12*k + 1723. Is o(48) a composite number?
True
Suppose 4*m = 20, d + 77929 - 488230 = 4*m. Is d composite?
True
Let w(g) = 155*g + 274. Let h be w(-7). Let m = 1037 + h. Is m composite?
True
Let p(v) = -4099*v**3 - 2*v**2 + 2. Suppose 5*f + 2*w + 9 = 0, 0 = -4*w + 3 - 11. Is p(f) prime?
True
Is 3269694/66 - (-10)/330*6 prime?
False
Is (6 + -1)*14*158385/1050 a composite number?
False
Let d = 84 - 83. Is d*(-18622)/6*-3 composite?
False
Let h be -4 + (-1)/((-3)/(-18)). Is 19646 - (2 + (-50)/h) a composite number?
True
Let j(k) be the second derivative of -k**5/20 + 2*k**4/3 - 4*k**3/3 + 7*k**2/2 + 25*k. Let a be j(7). Suppose a = -28*o + 33*o - 955. Is o prime?
True
Let x = 277590 - 169433. Is x prime?
False
Suppose -2*l + 2 = -2. Let g(t) = 12 + 9*t**l - 5*t + 4 - 2 - t**3 - 1. Is g(-10) a prime number?
False
Suppose -46*i = -51*i - 10. Let f(v) = -978*v**3 + v**2 - v - 1. Is f(i) prime?
True
Let a = -3440 - -5141. Let p(m) = m. Let h be p(5). Suppose 0 = -2*u - t + a, h*u + 2*t = t + 4260. Is u prime?
True
Suppose 29*m + 8*m - 1585709 = 0. Let t = m + -23754. Is t a composite number?
True
Let b(p) be the third derivative of 833*p**4/24 + 35*p**3/6 + 16*p**2. Let q be b(6). Suppose 0 = d - 0*d - q. Is d composite?
True
Suppose 0 = -53*q + 9*q - 44. Let g(m) = -8141*m**3 - 2*m**2 - 3*m - 1. Is g(q) prime?
False
Suppose 0 = 5*h - 8*h - 4*j + 6958, -h + 2*j = -2306. Suppose -6*x = h - 6820. Is x a composite number?
False
Suppose 0*c + 5*c - 18 = -4*v, -2*c = 3*v - 17. Suppose d + 2*g = 14013, d - 12*g + v*g - 13999 = 0. Is d prime?
True
Let i be (268/8)/((25/(-10))/5). Let u = i - -75. Suppose -11*s + u*s = -873. Is s a composite number?
True
Let n = 178 + -173. Suppose 4*k + 17924 = 8*k - y, -n*k - y = -22405. Is k a prime number?
True
Let k(r) = 15*r**2 + 30*r - 4. Let n = -266 + 279. Is k(n) a prime number?
False
Let u be 3/(6/7) + 1/(-2). Let g(o) = 3*o - u*o + 7*o + 15*o + 35. Is g(17) composite?
False
Let k = 118389 + -69580. Is k a composite number?
False
Suppose 63*t - 37*t - 2834 = 0. Suppose 103*f + 16914 = t*f. Is f prime?
True
Suppose -n - 4*n - 4*k = -5322, 4*n - 4239 = 3*k. Let s = n + 397. Is s a prime number?
True
Let f(s) be the first derivative of 1193*s**3/3 + 5*s**2/2 - 5*s + 69. Is f(-3) composite?
True
Is (2/6*0)/2 + 2058 + -25 a prime number?
False
Let i be (-2)/6 - (-3)/9. Suppose -105*v = -m - 100*v + 15, 0 = -3*m - 3*v - 9. Suppose m*c + c - 419 = i. Is c a prime number?
True
Let d = 395579 + -236528. Is d prime?
False
Suppose -4*g - 40773 - 134295 = -4*u, 306344 = 7*u - 2*g. Is u a composite number?
True
Let b = 58 + -28. Suppose -11*i + i = -b. Suppose 4*w + 5*t = 8*w - 3603, i*t + 1799 = 2*w. Is w a prime number?
True
Let x(h) be the third derivative of -h**6/120 - h**5/6 - 11*h**4/24 + 5*h**3/2 - 54*h**2. Is x(-11) a composite number?
False
Let y be ((-170)/(-255))/(1/(-3)). Let a(f) = -311*f**3 + 4*f**2 + 10*f + 7. Is a(y) a composite number?
True
Let m(a) = a**3 - 11*a**2 - 12*a + 3. Let g be m(12). Suppose 15 = g*x - 0*x, 2*s - 27 = -3*x. Is ((-153536)/20)/(-8) + s/(-10) a prime number?
False
Let f(p) = 196*p + 2. Let g be f(1). Suppose 6*m + g + 486 = 0. Let j = m + 755. Is j a prime number?
True
Let m = 207 + -206. Suppose c